tors of f.
5, 17
Suppose -4*o + 3566 + 934 = 0. What are the prime factors of o?
3, 5
List the prime factors of ((-306)/8)/((-42)/560).
2, 3, 5, 17
Suppose 19*l = 11108 + 40116. List the prime factors of l.
2, 337
Let a(g) = 25 - 5 + 11 + g**2. What are the prime factors of a(0)?
31
Let d = 98 - 95. Suppose 0 = 5*j - 2*h - 837, 3*j - 664 = -j + d*h. List the prime factors of j.
13
List the prime factors of 6 + 1 + (-9 - -17).
3, 5
Suppose -1449*q = -1446*q - 387. What are the prime factors of q?
3, 43
Suppose 2*n - 2*x = 8, -6*x - 20 = -n - x. Suppose -3*o = -n*o - 6. Suppose 0 = -o*h, -k - 4*h + 30 = -3*h. List the prime factors of k.
2, 3, 5
Suppose 5*l + 234 = 2*l. Let a = l + 43. What are the prime factors of (-290)/a - (-4)/(-14)?
2
Let m be (17/2 + 0)*2. Let v = m + 16. List the prime factors of v.
3, 11
Suppose r = -x + 542, -6*x + 10*x + 8 = 0. What are the prime factors of r?
2, 17
Suppose t + 15344 = 4*x + 3084, -x + 3056 = 2*t. What are the prime factors of x?
2, 383
Let m(r) = 3*r**2 + r - 6. Let h be m(3). Suppose -60 - h = -3*d. What are the prime factors of d?
2, 7
Let m be -4 - (0 - (-4 + 5)). Let r(p) = 5*p**2 - 10*p + 12. Let z(v) = 4*v**2 - 9*v + 12. Let f(y) = m*r(y) + 4*z(y). What are the prime factors of f(8)?
2, 7
Let u = 3045 + 1247. What are the prime factors of u?
2, 29, 37
Let t = 79 - 71. Suppose -6*n + t*n - 18 = 0. List the prime factors of n.
3
Suppose -167*i + 180*i = 1937. List the prime factors of i.
149
Suppose 0 = -4*r - n - n + 290, -5*r + 385 = -5*n. Let w = r + 43. List the prime factors of w.
3, 13
Suppose 0*q + 6 = -3*q, -5*r + 5 = 5*q. Suppose -s - 4 = -2*a, 3*s - 20 + 8 = -2*a. Suppose 0 = s*n - r*n + 24. What are the prime factors of n?
2, 3
Let h(q) = -2*q**2 + 6*q - 3. Let i be h(6). Let g be 3 + -1*11*8. Let f = i - g. What are the prime factors of f?
2, 23
Let b(h) = -h**3 - 2*h - 36. Let p be b(0). What are the prime factors of (p/126 - 155/21)*-9?
3, 23
Let k be (-270)/(-36)*296/6. Suppose -5*u - k = -1380. List the prime factors of u.
2, 101
Let s(j) = 3*j**2 - 2*j - 68. List the prime factors of s(-13).
3, 5, 31
Suppose 2*a = a + 26. Suppose -a = 3*v - 440. What are the prime factors of v?
2, 3, 23
Suppose -22*c = -2002 - 2200. List the prime factors of c.
191
What are the prime factors of (-70)/(-13 - 1) + 2408?
19, 127
Suppose 185 = u - 4*n, 2*u + 740 = 6*u - n. What are the prime factors of u?
5, 37
Let g = 6 + -4. Suppose 5*l - 230 = -g*o, l + 24 = 2*l - 4*o. What are the prime factors of l?
2, 11
Let h be 1/4*-1*4. What are the prime factors of h + -2 + (0 - -29)?
2, 13
Let t = 11 - 15. Let z be 52/13 - t/(-2). What are the prime factors of (z*6)/4 - -33?
2, 3
Let n = -2324 - -3994. What are the prime factors of n?
2, 5, 167
Let o be (-534)/(2 - 4) - (1 + -3). Suppose -2*b + o - 957 = -3*z, -z + b + 231 = 0. What are the prime factors of z?
2, 113
Suppose -114*g + 124*g = 4710. What are the prime factors of g?
3, 157
Suppose -4*i = -2*i + 162. What are the prime factors of (-18)/i + 1105/9?
3, 41
Let q(i) = -i**3 + 8*i**2 - 5*i + 6. Let c(v) = -2*v**3 + 16*v**2 - 9*v + 12. Let w(b) = -2*c(b) + 5*q(b). Let k = -209 - -215. List the prime factors of w(k).
2, 3
Let j be ((-30)/(-12))/(10/4). Let s(o) = 169*o. List the prime factors of s(j).
13
Let z(m) = -33*m. Let n be z(1). Let c be 465/(-25) - 6/(-10). Let u = c - n. List the prime factors of u.
3, 5
Let g(h) = -6*h - 17. Let p(z) = -z**3 + 5*z**2 + 6*z - 6. Let u be p(6). What are the prime factors of g(u)?
19
Let y(w) = 5*w**2 + 4*w - 7. Let a = 65 + -70. List the prime factors of y(a).
2, 7
Let u(a) = -61*a + 5. Let t be u(-4). Let x = -140 + t. Suppose 2*q + q = -5*y + x, 2*q = -3*y + 71. List the prime factors of q.
2, 7
Suppose 5*q - 17 = 43. Suppose -q*z + 765 + 255 = 0. What are the prime factors of z?
5, 17
Suppose -3*k + 5 = -2*l - 1, -l - 2*k = -11. List the prime factors of ((-6)/3)/(l/(-216)).
2, 3
Suppose 35*h = 18*h + 8313. What are the prime factors of h?
3, 163
Let s be (-1 + 2)/((-2)/(-4)). Suppose -2*a = -4*w + 15 + 23, s*w = 2. Let c = -3 - a. List the prime factors of c.
2, 7
Let z(d) = -d**2 - 6*d - 4. Let f be z(-5). Suppose f = -3*m + 13. Suppose 14 = m*j - 82. List the prime factors of j.
2, 3
Let x = -7 + 15. Suppose -5*r + r - 16 = 0. Let t = x + r. What are the prime factors of t?
2
Let g(s) = s**2 - 2*s + 8. List the prime factors of g(-5).
43
Suppose 0 = -2*y + 7*y + 15. Let a(p) = -21*p + 6. What are the prime factors of a(y)?
3, 23
Let o = -3 - -9. Suppose -2*m - o = -4*b + 34, -64 = 4*m - 4*b. What are the prime factors of (8/m)/(2/(-15))?
5
Let g(p) = p**2 + 13*p + 4. Let n be g(-13). Suppose -n*f = -3*r - 875 + 331, r = -4*f + 528. List the prime factors of f.
7, 19
Let u(j) = 3*j**3 - 33*j**2 + 23*j - 11. Let a(w) = 2*w**3 - 17*w**2 + 11*w - 6. Let m(d) = -5*a(d) + 3*u(d). What are the prime factors of m(-15)?
2, 3
Suppose 0 = -16*g - 451 + 1651. List the prime factors of g.
3, 5
Suppose 10*p - 336 = 7*p. List the prime factors of (4 + -1)*p/12.
2, 7
Suppose 0 = -a + 2*u + 6, u + 10 = -u. Let k(z) = -z**3 + 91*z + 5 - 42*z - 44*z. List the prime factors of k(a).
7
Suppose 5*n - 4*m + 0*m = 23, n = -3*m - 3. What are the prime factors of (-2 - (-18)/n) + 89?
3, 31
Let t(w) = 3*w + 17. Let k be t(-15). Let j(n) = 5*n**2 - 6*n + 1. Let y be j(4). Let d = k + y. What are the prime factors of d?
29
Let y be (6 - 9)*(-93)/9. Suppose 0 = y*f - 25*f - 2100. List the prime factors of f.
2, 5, 7
Let y be (-1*1)/(8/(-40)). Suppose y*q - 90 = -20. Suppose -2*p = -6, q = z - 4*p - 0. List the prime factors of z.
2, 13
Suppose 0 = -2*h + 1 + 3. Suppose h*x - 5*x + 3 = 0. List the prime factors of (43 - x)/(3 + -1).
3, 7
Suppose 4*s = s + 4*x + 14, -4*s = 4*x - 56. Let f = 10 - s. Suppose f = -5*c + 2*a + 234, 3*a - a = -4*c + 180. What are the prime factors of c?
2, 23
Let a = -66 - -105. Let r be 1/3 - (-2 - (-49)/21). Let m = a + r. List the prime factors of m.
3, 13
Let k = -53 - -58. Suppose -k*y + 3*y + 178 = 0. List the prime factors of y.
89
Let w = 2675 - 2373. List the prime factors of w.
2, 151
Let x = -683 - -1363. List the prime factors of x.
2, 5, 17
Suppose -11055 = -5*u + 5*w, 0 = -3*w + 2*w + 1. Suppose -u = 8*k - k. List the prime factors of (k/(-10))/(12/30).
79
Let z = -1839 - -2672. List the prime factors of z.
7, 17
Let s be (-4)/(-2) + -5 + -3. Let a(x) = -2*x**3 - 7*x**2 - 4. Let v be a(s). What are the prime factors of (9/(-4))/((-6)/v)?
2, 3, 11
Let p(t) = t**3 + 6*t**2 + 2*t - 12. Let k be p(-4). List the prime factors of 11/(11/k) + -1.
11
Let r(h) = -h + 8. Let n be r(5). Suppose 354 = n*m + 3*j, 6*j - 20 = j. List the prime factors of m.
2, 3, 19
Let q(w) = 124*w - 16. Let g be q(8). Suppose 10*u - 2*u = g. List the prime factors of u.
2, 61
Suppose 21*o - 6132 = -7*o. What are the prime factors of o?
3, 73
Let s(v) = -v**2 + 14*v. Let z be s(14). Suppose z = 5*y - 669 + 134. Let a = y - 76. List the prime factors of a.
31
List the prime factors of 2/(-6)*1 + 6065/15.
2, 101
Let a be -18*(-4)/6*2. Suppose a = v + 3*v. What are the prime factors of v?
2, 3
Let u = 45 - 21. Suppose 2*g + 6 = -3*o, -2*g - 5*o + o = 8. Suppose g = y - 5*y + u. List the prime factors of y.
2, 3
Suppose -3*g - d = 4 - 10, 3*g - 21 = 4*d. Suppose 3*v - 180 = -g*v. What are the prime factors of v?
2, 3, 5
Suppose 4*x - 644 = 3*g - 7*g, 0 = -3*x - 4*g + 480. Suppose q - 2*w - 46 = 0, 4*q = 8*q - 3*w - x. Suppose 0 = 2*o - q - 18. List the prime factors of o.
2, 7
List the prime factors of 1/4 + (-39941)/(-44).
2, 227
Let g(f) = -5*f**3 + f**2 + 2*f + 3. Suppose 4*j - 5*u = 28, 8 - 1 = j + 3*u. Let k(z) = -z**2 + 8*z - 9. Let s be k(j). List the prime factors of g(s).
43
Suppose -93*v = -87*v - 714. What are the prime factors of v?
7, 17
Suppose 2*c = -2*d + 40, 4*d = -4*c + 7*c + 80. List the prime factors of d.
2, 5
Suppose -8 = -4*d + 8*d. Let u be 15/d + (-7)/14. Let m = u + 12. List the prime factors of m.
2
Let w(c) = -c**2 + 14*c + 14. Let p(h) = -h**2 - 10*h - 12. Let o be (-88)/16 + 1/(-2). Let s be p(o). List the prime factors of w(s).
2, 19
Let z(b) = 156*b**2. Let t be z(-1). List the prime factors of t/(-8)*(-2)/3.
13
Suppose 2*h - 2*g - 128 = 0, 4 = h - 2*g - 58. Suppose r = h - 26. What are the